eatest common divisor of 105776 and 176.
176
What is the greatest common factor of 126 and 18?
18
What is the greatest common factor of 4 and 148?
4
What is the highest common divisor of 80 and 1072?
16
Calculate the greatest common factor of 2125 and 17.
17
What is the greatest common divisor of 364 and 208?
52
Calculate the highest common factor of 1159 and 19.
19
What is the greatest common factor of 246 and 42?
6
What is the highest common factor of 8 and 1740?
4
What is the greatest common factor of 36 and 60?
12
Calculate the highest common factor of 2940 and 30.
30
What is the greatest common factor of 12 and 9828?
12
What is the highest common factor of 75229 and 77?
77
Calculate the greatest common divisor of 1311 and 57.
57
What is the greatest common divisor of 12231 and 81?
81
Calculate the highest common factor of 292 and 4.
4
What is the greatest common divisor of 552 and 24?
24
Calculate the highest common divisor of 115 and 230.
115
Calculate the greatest common factor of 33 and 6501.
33
Calculate the highest common factor of 158 and 37762.
158
What is the greatest common factor of 1309 and 1496?
187
Calculate the greatest common divisor of 195 and 12805.
65
Calculate the highest common divisor of 136 and 4.
4
Calculate the greatest common divisor of 88 and 33.
11
What is the highest common factor of 888 and 8?
8
Calculate the highest common divisor of 1653 and 261.
87
What is the greatest common factor of 70 and 11795?
35
Calculate the greatest common factor of 4 and 122.
2
Calculate the greatest common divisor of 2303 and 47.
47
What is the greatest common divisor of 370 and 9953?
37
Calculate the highest common divisor of 89 and 10.
1
What is the greatest common factor of 544 and 68?
68
What is the highest common factor of 305 and 20?
5
What is the highest common divisor of 447 and 4768?
149
What is the highest common divisor of 1116 and 108?
36
What is the highest common factor of 12 and 9?
3
Calculate the greatest common divisor of 8 and 14.
2
What is the greatest common factor of 1650 and 4050?
150
What is the highest common factor of 54 and 72?
18
Calculate the greatest common divisor of 2 and 81.
1
Calculate the highest common factor of 87 and 6.
3
What is the greatest common divisor of 481 and 13?
13
What is the greatest common divisor of 11 and 3?
1
Calculate the greatest common divisor of 68 and 153.
17
Calculate the highest common factor of 367 and 1.
1
What is the greatest common factor of 44 and 3883?
11
What is the highest common divisor of 218 and 35752?
218
What is the greatest common factor of 495 and 27?
9
Calculate the highest common divisor of 16 and 1744.
16
What is the highest common factor of 240 and 18?
6
Calculate the greatest common factor of 250 and 10.
10
Calculate the highest common factor of 61255 and 5.
5
Calculate the highest common factor of 338 and 182.
26
Calculate the highest common divisor of 19050 and 150.
150
What is the greatest common factor of 672 and 216?
24
Calculate the greatest common divisor of 444 and 192.
12
What is the greatest common divisor of 567 and 4212?
81
Calculate the greatest common factor of 351 and 312.
39
What is the greatest common factor of 2 and 144?
2
What is the highest common factor of 26 and 91?
13
Calculate the highest common factor of 2275 and 1225.
175
What is the greatest common divisor of 2 and 4?
2
Calculate the greatest common divisor of 188 and 26.
2
Calculate the highest common divisor of 560 and 480.
80
Calculate the greatest common factor of 170 and 280.
10
What is the highest common factor of 8 and 64?
8
Calculate the highest common factor of 24 and 276.
12
What is the greatest common factor of 180 and 100?
20
What is the highest common divisor of 18 and 48?
6
Calculate the highest common factor of 2747 and 410.
41
What is the greatest common divisor of 3525 and 423?
141
What is the highest common factor of 25 and 65?
5
Calculate the greatest common factor of 26956 and 23.
23
What is the highest common divisor of 71 and 781?
71
Calculate the greatest common divisor of 182 and 28.
14
What is the highest common factor of 232 and 18038?
58
What is the highest common divisor of 4 and 33?
1
What is the greatest common divisor of 636 and 159?
159
Calculate the greatest common factor of 221 and 53924.
221
Calculate the highest common divisor of 2266 and 440.
22
What is the highest common factor of 36 and 69?
3
Calculate the greatest common divisor of 220 and 240.
20
What is the greatest common factor of 41 and 1681?
41
Calculate the greatest common factor of 58 and 2.
2
Calculate the greatest common factor of 69 and 3.
3
Calculate the highest common divisor of 55 and 5.
5
Calculate the greatest common divisor of 872 and 4.
4
Calculate the greatest common divisor of 13 and 221.
13
What is the greatest common divisor of 56 and 245?
7
What is the highest common factor of 26888 and 8?
8
Calculate the greatest common factor of 115 and 736.
23
Calculate the greatest common divisor of 31 and 713.
31
What is the highest common divisor of 144 and 1008?
144
Calculate the highest common divisor of 126 and 783.
9
Calculate the highest common divisor of 49 and 3332.
49
Calculate the highest common factor of 32 and 24.
8
What is the highest common divisor of 27703 and 26?
13
What is the greatest common divisor of 66257 and 59?
59
Calculate the highest common divisor of 320 and 100.
20
Calculate the greatest common divisor of 95 and 114.
19
Calculate the greatest common factor of 5 and 35.
5
What is the highest common divisor of 2077 and 31?
31
What is the highest common factor of 2651 and 176?
11
Calculate the greatest common factor of 39 and 73281.
39
Calculate the greatest common factor of 52577 and 777.
259
What is the highest common divisor of 1785 and 136?
17
Calculate the highest common factor of 25098 and 89.
89
Calculate the greatest common divisor of 110 and 44.
22
Calculate the greatest common factor of 3068 and 364.
52
What is the greatest common divisor of 190 and 80?
10
Calculate the greatest common divisor of 637 and 273.
91
Calculate the highest common factor of 20 and 20.
20
Calculate the greatest common divisor of 931 and 1568.
49
What is the greatest common divisor of 444 and 12?
12
Calculate the greatest common factor of 48 and 3444.
12
What is the highest common factor of 2700 and 9?
9
What is the highest common factor of 44 and 44?
44
What is the greatest common divisor of 228 and 9633?
57
Calculate the highest common divisor of 1404 and 96.
12
Calculate the greatest common factor of 182 and 1339.
13
What is the highest common divisor of 96 and 708?
12
Calculate the greatest common factor of 414 and 18.
18
What is the greatest common divisor of 2755 and 95?
95
Calculate the greatest common factor of 16 and 656.
16
What is the highest common divisor of 13861 and 167?
167
Calculate the highest common factor of 10396 and 460.
92
Calculate the greatest common factor of 306 and 7854.
102
Calculate the highest common factor of 132 and 324.
12
What is the greatest common divisor of 24 and 90?
6
Calculate the greatest common divisor of 726 and 6.
6
Calculate the greatest common factor of 828 and 324.
36
Calculate the greatest common factor of 20 and 8.
4
Calculate the highest common divisor of 434 and 6758.
62
What is the highest common divisor of 2961 and 1833?
141
What is the greatest common divisor of 229 and 57479?
229
What is the greatest common factor of 77 and 143?
11
What is the highest common factor of 5408 and 845?
169
Calculate the highest common factor of 62 and 14.
2
Calculate the greatest common divisor of 102 and 12.
6
Calculate the greatest common divisor of 32 and 464.
16
What is the highest common factor of 1530 and 816?
102
Calculate the highest common divisor of 324 and 156.
12
What is the highest common factor of 90 and 2010?
30
What is the highest common divisor of 7 and 11?
1
What is the greatest common factor of 16 and 2720?
16
What is the highest common divisor of 1415 and 5?
5
Calculate the highest common factor of 51 and 13872.
51
Calculate the highest common factor of 10 and 830.
10
Calculate the highest common factor of 220 and 1375.
55
What is the highest common divisor of 400 and 25?
25
What is the greatest common facto